is the thousands digit of 9528?
9
What is the hundreds digit of 8348?
3
What is the hundreds digit of 671?
6
What is the units digit of 5?
5
What is the hundreds digit of 10398?
3
What is the units digit of 4836?
6
What is the thousands digit of 8643?
8
What is the ten thousands digit of 15355?
1
What is the ten thousands digit of 44776?
4
What is the ten thousands digit of 59179?
5
What is the tens digit of 15035?
3
What is the hundreds digit of 9443?
4
What is the units digit of 33776?
6
What is the units digit of 5542?
2
What is the tens digit of 2601?
0
What is the hundreds digit of 2062?
0
What is the thousands digit of 27422?
7
What is the ten thousands digit of 45992?
4
What is the tens digit of 8555?
5
What is the ten thousands digit of 27759?
2
What is the hundreds digit of 2288?
2
What is the units digit of 31478?
8
What is the units digit of 3643?
3
What is the hundreds digit of 194?
1
What is the ten thousands digit of 10204?
1
What is the tens digit of 532?
3
What is the thousands digit of 99529?
9
What is the hundreds digit of 1071?
0
What is the units digit of 16750?
0
What is the tens digit of 443?
4
What is the hundreds digit of 117?
1
What is the units digit of 6879?
9
What is the thousands digit of 37987?
7
What is the hundreds digit of 385?
3
What is the units digit of 1744?
4
What is the units digit of 898?
8
What is the units digit of 25952?
2
What is the hundreds digit of 515?
5
What is the thousands digit of 8654?
8
What is the units digit of 680?
0
What is the units digit of 427?
7
What is the thousands digit of 20661?
0
What is the thousands digit of 1200?
1
What is the hundreds digit of 716?
7
What is the tens digit of 340?
4
What is the units digit of 7956?
6
What is the units digit of 149143?
3
What is the tens digit of 40803?
0
What is the ten thousands digit of 72195?
7
What is the thousands digit of 18200?
8
What is the thousands digit of 1080?
1
What is the tens digit of 28506?
0
What is the thousands digit of 42491?
2
What is the hundreds digit of 2957?
9
What is the thousands digit of 9478?
9
What is the units digit of 4260?
0
What is the thousands digit of 2255?
2
What is the tens digit of 3756?
5
What is the units digit of 86561?
1
What is the tens digit of 31?
3
What is the tens digit of 224?
2
What is the hundreds digit of 7395?
3
What is the units digit of 5747?
7
What is the thousands digit of 53940?
3
What is the tens digit of 1207?
0
What is the units digit of 9088?
8
What is the tens digit of 4477?
7
What is the thousands digit of 4381?
4
What is the units digit of 2174?
4
What is the hundreds digit of 3691?
6
What is the units digit of 166?
6
What is the units digit of 1328?
8
What is the thousands digit of 2086?
2
What is the tens digit of 18056?
5
What is the hundreds digit of 43669?
6
What is the units digit of 3331?
1
What is the units digit of 30247?
7
What is the units digit of 3337?
7
What is the units digit of 1447?
7
What is the hundreds digit of 569?
5
What is the hundreds digit of 5078?
0
What is the hundreds digit of 15174?
1
What is the ten thousands digit of 26624?
2
What is the ten thousands digit of 22465?
2
What is the tens digit of 22771?
7
What is the hundreds digit of 1940?
9
What is the tens digit of 403?
0
What is the tens digit of 5965?
6
What is the units digit of 1388?
8
What is the tens digit of 741?
4
What is the units digit of 3568?
8
What is the units digit of 583?
3
What is the thousands digit of 1759?
1
What is the thousands digit of 1147?
1
What is the units digit of 148?
8
What is the hundreds digit of 51584?
5
What is the tens digit of 21452?
5
What is the tens digit of 796?
9
What is the tens digit of 95520?
2
What is the hundreds digit of 17563?
5
What is the units digit of 1564?
4
What is the hundreds digit of 24371?
3
What is the thousands digit of 1342?
1
What is the tens digit of 25735?
3
What is the hundreds digit of 1023?
0
What is the hundreds digit of 8212?
2
What is the tens digit of 3157?
5
What is the ten thousands digit of 31719?
3
What is the tens digit of 83535?
3
What is the ten thousands digit of 11770?
1
What is the hundreds digit of 4740?
7
What is the tens digit of 1689?
8
What is the hundreds digit of 927?
9
What is the ten thousands digit of 12093?
1
What is the tens digit of 9424?
2
What is the tens digit of 53535?
3
What is the tens digit of 70265?
6
What is the thousands digit of 157468?
7
What is the units digit of 1728?
8
What is the thousands digit of 15823?
5
What is the units digit of 46142?
2
What is the ten thousands digit of 12019?
1
What is the hundreds digit of 10955?
9
What is the units digit of 167?
7
What is the tens digit of 165?
6
What is the thousands digit of 8784?
8
What is the ten thousands digit of 43442?
4
What is the units digit of 814?
4
What is the units digit of 78519?
9
What is the hundreds digit of 41275?
2
What is the thousands digit of 6203?
6
What is the units digit of 478?
8
What is the hundreds digit of 2277?
2
What is the hundreds digit of 1332?
3
What is the units digit of 873?
3
What is the hundreds digit of 1058?
0
What is the tens digit of 17763?
6
What is the thousands digit of 22018?
2
What is the thousands digit of 3888?
3
What is the tens digit of 961?
6
What is the hundred thousands digit of 112111?
1
What is the units digit of 79155?
5
What is the hundreds digit of 8017?
0
What is the hundreds digit of 550?
5
What is the units digit of 19446?
6
What is the hundreds digit of 1305?
3
What is the units digit of 71754?
4
What is the hundreds digit of 42517?
5
What is the hundreds digit of 1755?
7
What is the hundreds digit of 1435?
4
What is the thousands digit of 24693?
4
What is the hundred thousands digit of 121791?
1
What is the ten thousands digit of 31591?
3
What is the tens digit of 3162?
6
What is the ten thousands digit of 21353?
2
What is the ten thousands digit of 56889?
5
What is the thousands digit of 1457?
1
What is the units digit of 1533?
3
What is the units digit of 7120?
0
What is the tens digit of 2265?
6
What is the thousands digit of 1412?
1
What is the units digit of 480?
0
What is the units digit of 44394?
4
What is the units digit of 11297?
7
What is the thousands digit of 7628?
7
What is the hundreds digit of 19534?
5
What is the hundred thousands digit of 165713?
1
What is the units digit of 2015?
5
What is the thousands digit of 1229?
1
What is the tens digit of 55959?
5
What is the hundreds digit of 22190?
1
What is the ten thousands digit of 16758?
1
What is the thousands digit of 34611?
4
What is the hundreds digit of 19941?
9
What is the hundreds digit of 1845?
8
What is the hundreds digit of 5340?
3
What is the units digit of 52120?
0
What is the units digit of 12118?
8
What is the tens digit of 503?
0
What is the hundreds digit of 1155?
1
What is the thousands digit of 12041?
2
What is the thousands digit of 1794?
1
What is the units digit of 10982?
2
What is the tens digit of 40?
4
What is the units digit of 867?
7
What is the tens digit of 916?
1
What is the hundred thousands digit of 120503?
1
What is the tens digit of 9072?
7
What is the units digit of 266?
6
What is the hundreds digit of 14514?
5
What is the thousands digit of 7545?
7
What is the hundreds digit of 6532?
5
What is the hundreds digit of 5075?
0
What is the units digit of 12198?
8
What is the units digit of 1426?
6
What is the thousands digit of 48073?
8
What is the thousands digit of 18274?
8
What is the hundreds digit of 6779?
7
What is the hundreds digit of 21536?
5
What is the tens digit of 82109?
0
What is the thousands digit of 32377?
2
What is the thousands digit of 3012?
3
What is the thousands digit of 52357?
2
What is the ten thousands digit of 17279?
1
What is the ten thousands digit of 104702?
0
What is the units digit of 1933?
3
What is the tens digit of 1433?
3
What is the tens digit of 181478?
7
What is the hundreds digit of 62679?
6
What is the ten thousands digit of 56688?
5
What is the units digit of 84549?
9
What is the thousands digit of 11591?
1
What is the hundreds digit of 4371?
3
What is the hundreds digit of 1051?
0
What is the thousands digit of 29177?
9
What is the units digit of 3693?
3
What is the tens digit of 333?
3
What is the thousands digit of 12803?
2
What is th